{"id":3158,"date":"2019-01-05T21:03:21","date_gmt":"2019-01-05T21:03:21","guid":{"rendered":"https:\/\/pflanzart.de\/?page_id=3158"},"modified":"2020-11-01T19:20:09","modified_gmt":"2020-11-01T19:20:09","slug":"plants","status":"publish","type":"page","link":"https:\/\/pflanzart.de\/?page_id=3158","title":{"rendered":"Pflanzen"},"content":{"rendered":"\n<!-- Final Tiles Grid Gallery for WordPress v3.6.13 free --><style>#ftg-11 .tile .icon { color:#ffffff; }#ftg-11 .ftg-items .loading-bar i { background:#666; }#ftg-11 .ftg-items .loading-bar { background:#fff; }#ftg-11 .tile .icon { font-size:12px; }#ftg-11 .tile .icon { margin: -6px 0 0 -6px; }#ftg-11 .tile .caption-block .text-wrapper span.text { font-size:12px; }#ftg-11 .tile .caption-outside .text-wrapper span.text { font-size:12px; }#ftg-11 .tile .caption-block .text-wrapper span.title { font-size:14px; }#ftg-11 .tile .caption-outside .text-wrapper span.title { font-size:14px; }#ftg-11 .tile { background-color: transparent; }#ftg-11 .tile .caption-block .text-wrapper span.text { color: #ffffff; }#ftg-11 .tile .caption-block .text-wrapper span.title { color: #ffffff; }#ftg-11 .tile .caption-outside .text-wrapper span.text { color: #ffffff; }#ftg-11 .tile .caption-outside .text-wrapper span.title { color: #ffffff; }#ftg-11 .tile .ftg-social a { color: #ffffff; }#ftg-11 .tile .caption-block { transition-timing-function:ease; }#ftg-11 .tile .caption-block { transition-duration:0.25s; }#ftg-11 .tile .tile-inner:before { background-color: #000000; }#ftg-11 .tile .tile-inner:before { background-color: rgba(0, 0, 0, 0.6); }#ftg-11 .tile:hover img {-moz-transform: ;-webkit-transform: ;-o-transform: ;-ms-transform: ;transform: ;}<\/style><a name=\"1\"><\/a><div class=\"final-tiles-gallery  ftg-hover-enabled caption-inside  caption-none caption-middle caption-center\" id=\"ftg-11\" style=\"width: 100%\"><div class='ftg-items'><div class='loading-bar'><i><\/i><\/div><div  class='tile ftg-preload  '><a title=\"Eryngium yuccifolium\" data-lightbox='ftg-11' rel='ftg-11'  class=' tile-inner  ftg-lightbox' href='https:\/\/pflanzart.de\/wp-content\/uploads\/2018\/12\/iga12-1024x683.jpg' ><img alt='Eryngium yuccifolium' class='item skip-lazy' data-class='item' data-ftg-source='https:\/\/pflanzart.de\/wp-content\/uploads\/2018\/12\/iga12-1024x683.jpg' src='https:\/\/pflanzart.de\/wp-content\/uploads\/2018\/12\/iga12-1024x683.jpg' width='900' height='600' \/><div class='caption-block'><div class='text-wrapper'><span class='title'>Eryngium yuccifolium<\/span><\/div><\/div><\/a><div class='ftg-social'><\/div><\/div><div  class='tile ftg-preload  '><a title=\"helleborus\" data-lightbox='ftg-11' rel='ftg-11'  class=' tile-inner  ftg-lightbox' href='https:\/\/pflanzart.de\/wp-content\/uploads\/2018\/01\/helleborus-1-1024x683.jpg' ><img alt='helleborus' class='item skip-lazy' data-class='item' data-ftg-source='https:\/\/pflanzart.de\/wp-content\/uploads\/2018\/01\/helleborus-1-1024x683.jpg' src='https:\/\/pflanzart.de\/wp-content\/uploads\/2018\/01\/helleborus-1-1024x683.jpg' width='900' height='600' \/><div class='caption-block'><div class='text-wrapper'><span class='title'>helleborus<\/span><\/div><\/div><\/a><div class='ftg-social'><\/div><\/div><div  class='tile ftg-preload  '><a title=\"Anemone narcissiflora\" data-lightbox='ftg-11' rel='ftg-11'  class=' tile-inner  ftg-lightbox' href='https:\/\/pflanzart.de\/wp-content\/uploads\/2018\/12\/anemone-2-1024x684.jpg' ><img alt='Anemone narcissiflora' class='item skip-lazy' data-class='item' data-ftg-source='https:\/\/pflanzart.de\/wp-content\/uploads\/2018\/12\/anemone-2.jpg' src='https:\/\/pflanzart.de\/wp-content\/uploads\/2018\/12\/anemone-2.jpg' width='1474' height='984' \/><div class='caption-block'><div class='text-wrapper'><span class='title'>Anemone narcissiflora<\/span><\/div><\/div><\/a><div class='ftg-social'><\/div><\/div><div  class='tile ftg-preload  '><a title=\"bot04\" data-lightbox='ftg-11' rel='ftg-11'  class=' tile-inner  ftg-lightbox' href='https:\/\/pflanzart.de\/wp-content\/uploads\/2018\/12\/bot04-1024x683.jpg' ><img alt='bot04' class='item skip-lazy' data-class='item' data-ftg-source='https:\/\/pflanzart.de\/wp-content\/uploads\/2018\/12\/bot04-1024x683.jpg' src='https:\/\/pflanzart.de\/wp-content\/uploads\/2018\/12\/bot04-1024x683.jpg' width='900' height='600' \/><div class='caption-block'><div class='text-wrapper'><span class='title'>bot04<\/span><\/div><\/div><\/a><div class='ftg-social'><\/div><\/div><div  class='tile ftg-preload  '><a title=\"Galanthus nivalis\" data-lightbox='ftg-11' rel='ftg-11'  class=' tile-inner  ftg-lightbox' href='https:\/\/pflanzart.de\/wp-content\/uploads\/2018\/03\/galanthus01-1024x683.jpg' ><img alt='galanthus01' class='item skip-lazy' data-class='item' data-ftg-source='https:\/\/pflanzart.de\/wp-content\/uploads\/2018\/03\/galanthus01-1024x683.jpg' src='https:\/\/pflanzart.de\/wp-content\/uploads\/2018\/03\/galanthus01-1024x683.jpg' width='900' height='600' \/><div class='caption-block'><div class='text-wrapper'><span class='title'>Galanthus nivalis<\/span><span class='text'>Inbegriff vom Fr\u00fchlingsbeginn: Kleines Schneegl\u00f6ckchen - Galanthus nivalis<\/span><\/div><\/div><\/a><div class='ftg-social'><\/div><\/div><div  class='tile ftg-preload  '><a title=\"Hepatica acutiloba\" data-lightbox='ftg-11' rel='ftg-11'  class=' tile-inner  ftg-lightbox' href='https:\/\/pflanzart.de\/wp-content\/uploads\/2018\/04\/hepatica-1024x683.jpg' ><img alt='hepatica' class='item skip-lazy' data-class='item' data-ftg-source='https:\/\/pflanzart.de\/wp-content\/uploads\/2018\/04\/hepatica-1024x683.jpg' src='https:\/\/pflanzart.de\/wp-content\/uploads\/2018\/04\/hepatica-1024x683.jpg' width='900' height='600' \/><div class='caption-block'><div class='text-wrapper'><span class='title'>Hepatica acutiloba<\/span><span class='text'>Das Amerikanische Leberbl\u00fcmchen - Hepatica acutiloba bl\u00fcht im Botanischen Garten in den W\u00e4ldern \u00d6stlichen NOrdamerikas<\/span><\/div><\/div><\/a><div class='ftg-social'><\/div><\/div><div  class='tile ftg-preload  '><a title=\"molinia_salvia_dianthus\" data-lightbox='ftg-11' rel='ftg-11'  class=' tile-inner  ftg-lightbox' href='https:\/\/pflanzart.de\/wp-content\/uploads\/2017\/08\/molinia_salvia_dianthus-1024x680.jpg' ><img alt='molinia_salvia_dianthus' class='item skip-lazy' data-class='item' data-ftg-source='https:\/\/pflanzart.de\/wp-content\/uploads\/2017\/08\/molinia_salvia_dianthus-1024x680.jpg' src='https:\/\/pflanzart.de\/wp-content\/uploads\/2017\/08\/molinia_salvia_dianthus-1024x680.jpg' width='900' height='598' \/><div class='caption-block'><div class='text-wrapper'><span class='title'>molinia_salvia_dianthus<\/span><span class='text'>Salvia &#039;Mainacht&#039; mit Molinia caerulea &#039;Moorhexe&#039; und als Leuchtpunkt die kurzlebige Lichtnelke (Lychnis coronaria)<\/span><\/div><\/div><\/a><div class='ftg-social'><\/div><\/div><div  class='tile ftg-preload  '><a title=\"Sand-Grasnelke\" data-lightbox='ftg-11' rel='ftg-11'  class=' tile-inner  ftg-lightbox' href='https:\/\/pflanzart.de\/wp-content\/uploads\/2019\/08\/07-3-1024x683.jpg' ><img alt='Sand-Grasnelke' class='item skip-lazy' data-class='item' data-ftg-source='https:\/\/pflanzart.de\/wp-content\/uploads\/2019\/08\/07-3-1024x683.jpg' src='https:\/\/pflanzart.de\/wp-content\/uploads\/2019\/08\/07-3-1024x683.jpg' width='900' height='600' \/><div class='caption-block'><div class='text-wrapper'><span class='title'>Sand-Grasnelke<\/span><span class='text'>Armeria maritima subsp. elongata, eine typische Pflanze der Sand-Trockenrasen<\/span><\/div><\/div><\/a><div class='ftg-social'><\/div><\/div><div  class='tile ftg-preload  '><a title=\"Paeonia &#039;Bartzella&#039;\" data-lightbox='ftg-11' rel='ftg-11'  class=' tile-inner  ftg-lightbox' href='https:\/\/pflanzart.de\/wp-content\/uploads\/2018\/05\/paeonia-bartzella-683x1024.jpg' ><img alt='Paeonia &#039;Bartzella&#039;' class='item skip-lazy' data-class='item' data-ftg-source='https:\/\/pflanzart.de\/wp-content\/uploads\/2018\/05\/paeonia-bartzella-683x1024.jpg' src='https:\/\/pflanzart.de\/wp-content\/uploads\/2018\/05\/paeonia-bartzella-683x1024.jpg' width='683' height='1024' \/><div class='caption-block'><div class='text-wrapper'><span class='title'>Paeonia 'Bartzella'<\/span><\/div><\/div><\/a><div class='ftg-social'><\/div><\/div><div  class='tile ftg-preload  '><a title=\"Hagebutte mit Eiskristallen\" data-lightbox='ftg-11' rel='ftg-11'  class=' tile-inner  ftg-lightbox' href='https:\/\/pflanzart.de\/wp-content\/uploads\/2018\/12\/hagebutte-1024x680.jpg' ><img alt='Hagebutte mit Eiskristallen' class='item skip-lazy' data-class='item' data-ftg-source='https:\/\/pflanzart.de\/wp-content\/uploads\/2018\/12\/hagebutte.jpg' src='https:\/\/pflanzart.de\/wp-content\/uploads\/2018\/12\/hagebutte.jpg' width='1100' height='731' \/><div class='caption-block'><div class='text-wrapper'><span class='title'>Hagebutte mit Eiskristallen<\/span><\/div><\/div><\/a><div class='ftg-social'><\/div><\/div><div  class='tile ftg-preload  '><a title=\"Cypripedium-Hybride\" data-lightbox='ftg-11' rel='ftg-11'  class=' tile-inner  ftg-lightbox' href='https:\/\/pflanzart.de\/wp-content\/uploads\/2018\/12\/Cypripedium-1024x683.jpg' ><img alt='Cypripedium-Hybride' class='item skip-lazy' data-class='item' data-ftg-source='https:\/\/pflanzart.de\/wp-content\/uploads\/2018\/12\/Cypripedium-1024x683.jpg' src='https:\/\/pflanzart.de\/wp-content\/uploads\/2018\/12\/Cypripedium-1024x683.jpg' width='900' height='600' \/><div class='caption-block'><div class='text-wrapper'><span class='title'>Cypripedium-Hybride<\/span><\/div><\/div><\/a><div class='ftg-social'><\/div><\/div><div  class='tile ftg-preload  '><a title=\"Hydrangea paniculata &#039;Kyushu&#039;\" data-lightbox='ftg-11' rel='ftg-11'  class=' tile-inner  ftg-lightbox' href='https:\/\/pflanzart.de\/wp-content\/uploads\/2018\/12\/hydrangea_paniculata_Kyushu-1024x683.jpg' ><img alt='Hydrangea paniculata &#039;Kyushu&#039;' class='item skip-lazy' data-class='item' data-ftg-source='https:\/\/pflanzart.de\/wp-content\/uploads\/2018\/12\/hydrangea_paniculata_Kyushu-1024x683.jpg' src='https:\/\/pflanzart.de\/wp-content\/uploads\/2018\/12\/hydrangea_paniculata_Kyushu-1024x683.jpg' width='900' height='600' \/><div class='caption-block'><div class='text-wrapper'><span class='title'>Hydrangea paniculata 'Kyushu'<\/span><\/div><\/div><\/a><div class='ftg-social'><\/div><\/div><div  class='tile ftg-preload  '><a title=\"Garten07\" data-lightbox='ftg-11' rel='ftg-11'  class=' tile-inner  ftg-lightbox' href='https:\/\/pflanzart.de\/wp-content\/uploads\/2018\/04\/Garten07-1024x683.jpg' ><img alt='Garten07' class='item skip-lazy' data-class='item' data-ftg-source='https:\/\/pflanzart.de\/wp-content\/uploads\/2018\/04\/Garten07-1024x683.jpg' src='https:\/\/pflanzart.de\/wp-content\/uploads\/2018\/04\/Garten07-1024x683.jpg' width='900' height='600' \/><div class='caption-block'><div class='text-wrapper'><span class='title'>Garten07<\/span><\/div><\/div><\/a><div class='ftg-social'><\/div><\/div><div  class='tile ftg-preload  '><a title=\"Anchusa azurea\" data-lightbox='ftg-11' rel='ftg-11'  class=' tile-inner  ftg-lightbox' href='https:\/\/pflanzart.de\/wp-content\/uploads\/2018\/03\/anchusa-azurea-1024x683.jpg' ><img alt='Anchusa azurea' class='item skip-lazy' data-class='item' data-ftg-source='https:\/\/pflanzart.de\/wp-content\/uploads\/2018\/03\/anchusa-azurea-1024x683.jpg' src='https:\/\/pflanzart.de\/wp-content\/uploads\/2018\/03\/anchusa-azurea-1024x683.jpg' width='900' height='600' \/><div class='caption-block'><div class='text-wrapper'><span class='title'>Anchusa azurea<\/span><span class='text'>Anchusa azurea 'Loddon Royalist'<\/span><\/div><\/div><\/a><div class='ftg-social'><\/div><\/div><div  class='tile ftg-preload  '><a title=\"Epipactis helleborine\" data-lightbox='ftg-11' rel='ftg-11'  class=' tile-inner  ftg-lightbox' href='https:\/\/pflanzart.de\/wp-content\/uploads\/2019\/08\/epipactis02-2-683x1024.jpg' ><img alt='Epipactis helleborine' class='item skip-lazy' data-class='item' data-ftg-source='https:\/\/pflanzart.de\/wp-content\/uploads\/2019\/08\/epipactis02-2-683x1024.jpg' src='https:\/\/pflanzart.de\/wp-content\/uploads\/2019\/08\/epipactis02-2-683x1024.jpg' width='683' height='1024' \/><div class='caption-block'><div class='text-wrapper'><span class='title'>Epipactis helleborine<\/span><span class='text'>Die Breitbl\u00e4ttrige Stendelwurz ist im Franz\u00f6sischen Zentralmassiv noch recht h\u00e4ufig anzutreffen<\/span><\/div><\/div><\/a><div class='ftg-social'><\/div><\/div><div  class='tile ftg-preload  '><a title=\"paeonia Neon\" data-lightbox='ftg-11' rel='ftg-11'  class=' tile-inner  ftg-lightbox' href='https:\/\/pflanzart.de\/wp-content\/uploads\/2018\/05\/paeonia-Neon-1024x683.jpg' ><img alt='paeonia Neon' class='item skip-lazy' data-class='item' data-ftg-source='https:\/\/pflanzart.de\/wp-content\/uploads\/2018\/05\/paeonia-Neon-1024x683.jpg' src='https:\/\/pflanzart.de\/wp-content\/uploads\/2018\/05\/paeonia-Neon-1024x683.jpg' width='900' height='600' \/><div class='caption-block'><div class='text-wrapper'><span class='title'>paeonia Neon<\/span><\/div><\/div><\/a><div class='ftg-social'><\/div><\/div><div  class='tile ftg-preload  '><a title=\"Tricyrtis hirta\" data-lightbox='ftg-11' rel='ftg-11'  class=' tile-inner  ftg-lightbox' href='https:\/\/pflanzart.de\/wp-content\/uploads\/2017\/11\/tricyrtis-683x1024.jpg' ><img alt='Tricyrtis hirta' class='item skip-lazy' data-class='item' data-ftg-source='https:\/\/pflanzart.de\/wp-content\/uploads\/2017\/11\/tricyrtis-683x1024.jpg' src='https:\/\/pflanzart.de\/wp-content\/uploads\/2017\/11\/tricyrtis-683x1024.jpg' width='683' height='1024' \/><div class='caption-block'><div class='text-wrapper'><span class='title'>Tricyrtis hirta<\/span><\/div><\/div><\/a><div class='ftg-social'><\/div><\/div><div  class='tile ftg-preload  '><a title=\"Lathyrus vernus\" data-lightbox='ftg-11' rel='ftg-11'  class=' tile-inner  ftg-lightbox' href='https:\/\/pflanzart.de\/wp-content\/uploads\/2018\/12\/lathyrus-vernus-1024x683.jpg' ><img alt='Lathyrus vernus' class='item skip-lazy' data-class='item' data-ftg-source='https:\/\/pflanzart.de\/wp-content\/uploads\/2018\/12\/lathyrus-vernus-1024x683.jpg' src='https:\/\/pflanzart.de\/wp-content\/uploads\/2018\/12\/lathyrus-vernus-1024x683.jpg' width='900' height='600' \/><div class='caption-block'><div class='text-wrapper'><span class='title'>Lathyrus vernus<\/span><span class='text'>Fr\u00fchlingsplatterbse<\/span><\/div><\/div><\/a><div class='ftg-social'><\/div><\/div><div  class='tile ftg-preload  '><a title=\"Magnolia stellata\" data-lightbox='ftg-11' rel='ftg-11'  class=' tile-inner  ftg-lightbox' href='https:\/\/pflanzart.de\/wp-content\/uploads\/2019\/01\/magnolia-stellata-1024x683.jpg' ><img alt='Magnolia stellata' class='item skip-lazy' data-class='item' data-ftg-source='https:\/\/pflanzart.de\/wp-content\/uploads\/2019\/01\/magnolia-stellata-1024x683.jpg' src='https:\/\/pflanzart.de\/wp-content\/uploads\/2019\/01\/magnolia-stellata-1024x683.jpg' width='900' height='600' \/><div class='caption-block'><div class='text-wrapper'><span class='title'>Magnolia stellata<\/span><\/div><\/div><\/a><div class='ftg-social'><\/div><\/div><div  class='tile ftg-preload  '><a title=\"Eryngium planum &#039;Blaukappe&#039;\" data-lightbox='ftg-11' rel='ftg-11'  class=' tile-inner  ftg-lightbox' href='https:\/\/pflanzart.de\/wp-content\/uploads\/2019\/08\/eryngium_blaukappe-683x1024.jpg' ><img alt='Eryngium planum &#039;Blaukappe&#039;' class='item skip-lazy' data-class='item' data-ftg-source='https:\/\/pflanzart.de\/wp-content\/uploads\/2019\/08\/eryngium_blaukappe-683x1024.jpg' src='https:\/\/pflanzart.de\/wp-content\/uploads\/2019\/08\/eryngium_blaukappe-683x1024.jpg' width='683' height='1024' \/><div class='caption-block'><div class='text-wrapper'><span class='title'>Eryngium planum 'Blaukappe'<\/span><span class='text'>Der Mannstreu zieht nicht nur die Blicke unweigerlich auf sich, sondern auch Bienen und Schmetterlinge magisch an.<\/span><\/div><\/div><\/a><div class='ftg-social'><\/div><\/div><div  class='tile ftg-preload  '><a title=\"Leucojum vernum\" data-lightbox='ftg-11' rel='ftg-11'  class=' tile-inner  ftg-lightbox' href='https:\/\/pflanzart.de\/wp-content\/uploads\/2018\/12\/polenztal06-1024x683.jpg' ><img alt='Leucojum vernum' class='item skip-lazy' data-class='item' data-ftg-source='https:\/\/pflanzart.de\/wp-content\/uploads\/2018\/12\/polenztal06-1024x683.jpg' src='https:\/\/pflanzart.de\/wp-content\/uploads\/2018\/12\/polenztal06-1024x683.jpg' width='900' height='600' \/><div class='caption-block'><div class='text-wrapper'><span class='title'>Leucojum vernum<\/span><span class='text'>M\u00e4rzenbecher im Polenztal<\/span><\/div><\/div><\/a><div class='ftg-social'><\/div><\/div><\/div><\/div>\n","protected":false},"excerpt":{"rendered":"","protected":false},"author":1,"featured_media":0,"parent":2957,"menu_order":0,"comment_status":"closed","ping_status":"closed","template":"page-templates\/full-width.php","meta":{"footnotes":""},"class_list":["post-3158","page","type-page","status-publish","hentry"],"aioseo_notices":[],"_links":{"self":[{"href":"https:\/\/pflanzart.de\/index.php?rest_route=\/wp\/v2\/pages\/3158","targetHints":{"allow":["GET"]}}],"collection":[{"href":"https:\/\/pflanzart.de\/index.php?rest_route=\/wp\/v2\/pages"}],"about":[{"href":"https:\/\/pflanzart.de\/index.php?rest_route=\/wp\/v2\/types\/page"}],"author":[{"embeddable":true,"href":"https:\/\/pflanzart.de\/index.php?rest_route=\/wp\/v2\/users\/1"}],"replies":[{"embeddable":true,"href":"https:\/\/pflanzart.de\/index.php?rest_route=%2Fwp%2Fv2%2Fcomments&post=3158"}],"version-history":[{"count":0,"href":"https:\/\/pflanzart.de\/index.php?rest_route=\/wp\/v2\/pages\/3158\/revisions"}],"up":[{"embeddable":true,"href":"https:\/\/pflanzart.de\/index.php?rest_route=\/wp\/v2\/pages\/2957"}],"wp:attachment":[{"href":"https:\/\/pflanzart.de\/index.php?rest_route=%2Fwp%2Fv2%2Fmedia&parent=3158"}],"curies":[{"name":"wp","href":"https:\/\/api.w.org\/{rel}","templated":true}]}}